ens digit of c?
2
Let x(k) = -28 + 10 + 6*k - 11 + k**2. What is the tens digit of x(-13)?
6
Suppose 4*m - 19*f = -15*f + 752, 749 = 4*m - 3*f. What is the units digit of m?
5
Suppose 2*r - 3777 = -3*r - 3*g, 2239 = 3*r - 5*g. What is the tens digit of r?
5
Suppose -2*l - 5*s = 3*l + 5, 5*s = 3*l + 11. Let c be -9 - (1 + -2 + l). What is the tens digit of 56/(-6)*c/4?
1
Let c(w) be the third derivative of w**4/3 - 13*w**3/3 + 7*w**2. What is the units digit of c(5)?
4
Let q(b) = -229*b + 28. What is the units digit of q(-2)?
6
Let a = -1 - -6. Let u(z) = 2*z**2 + 0*z**3 - 4 - 4*z - a*z**2 - z**3 - z. What is the units digit of u(-3)?
1
Let k(q) = -q**3 - 19 - 14*q**2 - 5*q - 18*q + 6*q. What is the tens digit of k(-13)?
3
Suppose 14*l = 16*l. Suppose 5*f + 0*f - 380 = l. What is the units digit of f?
6
Suppose 37 = 5*l - 3*f, -4*f = 6*l - 11*l + 41. Suppose -l*t + 2*s = -389, -s + 313 = 4*t - 2*s. What is the units digit of t?
9
Let q(c) = 6*c**3 - 155*c**2 + 27*c + 1. What is the units digit of q(26)?
9
Suppose -3*o - 1 = -2*m, 2*o - 2*m = -6*m - 6. Let u(h) = -43*h**3 + h**2 + 2*h. What is the units digit of u(o)?
2
Suppose 3*a = -w - 2*w + 1650, -5*a - 2*w + 2744 = 0. What is the units digit of a?
8
Suppose 10*h = 12*h - 10. Suppose -2 = -d - 1, -h*u - 2*d = -482. What is the units digit of u?
6
Suppose 0 = -23*j + 27*j. Suppose -2*n + 2*f = -j*f - 110, 3*n + 4*f - 172 = 0. What is the units digit of n?
6
Let k(g) = 11*g**2 + 7*g + 32. Let h(d) = -5*d**2 - 3*d - 16. Let y(m) = -13*h(m) - 6*k(m). Let j be y(-11). What is the units digit of 2/10 - j/40?
2
Suppose 12*r = 13*r - 2. Suppose -5*m - 4*y + 940 = 0, -2*y - 404 = -r*m + 2*y. What is the units digit of m?
2
Let i(v) = 2*v**3 + 6*v**2 - 7*v + 4. Let j be i(-4). Suppose -w = 8*a - 7*a - 146, -2*a - w + 289 = j. What is the tens digit of a?
4
Suppose x + 2*x = -3, 533 = 2*m - 3*x. Let c = m - 175. What is the units digit of c?
0
Let a be (-1 - -1)/((-10)/10). Suppose a = t - 0*t - 5. Suppose t*i - 3*d + 4*d - 38 = 0, -4*i + 31 = d. What is the units digit of i?
7
Let c = 95 + -67. Suppose -c = -3*u - u. Suppose -5*p + 80 = 2*l, 4*p + 2*l - u - 59 = 0. What is the units digit of p?
4
Let k(f) = 5*f - 40. Let l be k(16). Suppose 3*c - 12 = -p, 5*p + c - l = -4*c. What is the units digit of p?
6
Let j(p) = p**3 - 10*p**2 - 33*p - 17. What is the tens digit of j(17)?
4
Suppose -188 = -b + 5*b. Let i = b + 77. What is the tens digit of i?
3
Suppose -13512 = -8*l - 4*l. What is the tens digit of l?
2
Let n(y) = y**2 - 5*y - 6. Let f be n(12). Suppose -2*c + 2*t + 16 = -16, -3*t + f = 4*c. What is the units digit of c?
8
Suppose -c + 7 = -275. Suppose 0 = -5*p + 433 + c. What is the hundreds digit of p?
1
What is the hundreds digit of -1795*11/((-1925)/14)*5?
7
Suppose 34*c - 42416 = 18*c. What is the units digit of c?
1
Let s be 1/(2/6) - (-5494 - 5). What is the units digit of s/56 + (-3)/(-4)?
9
Let a(s) = s**3 - 2*s**2 + 3. Let z be a(2). Suppose 0 = -z*b + 5 + 25. What is the tens digit of b?
1
Suppose -8*p + 2585 = 5*q - 4*p, 1022 = 2*q + 4*p. What is the units digit of q?
1
Let i(h) = -2*h**3. Let c be i(-1). Suppose -q + 12 = p + q, c*q = 2*p. Suppose -90 = -4*t - 2*g, -p*t = g + 2*g - 91. What is the units digit of t?
2
Suppose -q = -0*q - 28. Let j be 27/(-45) - q/(-5). Let m(y) = 3*y**2 - 6*y - 4. What is the tens digit of m(j)?
4
Let o = 461 + -287. What is the units digit of o?
4
Let l(o) = 23*o**2 + 10*o + 9. What is the units digit of l(-6)?
7
What is the units digit of (-4 + -2)*11584/(-48)?
8
Let p(q) = -2*q**3 - 18*q**2 + 20*q - 13. Let t(c) = 5*c**3 + 53*c**2 - 60*c + 38. Let v(f) = 8*p(f) + 3*t(f). What is the units digit of v(13)?
8
Suppose 6 = 2*a + 2*f, f + 7 = 2*a + 4*f. Let i be 12*(14/6 - a). Let y = 6 + i. What is the tens digit of y?
1
Let a(h) = 3*h**2 + 30*h + 16. What is the units digit of a(-24)?
4
What is the hundreds digit of 17/(510/9396)*15/3?
5
Suppose 2*m - 5 = 3. Let y be (-6)/27 - (-130)/18. Suppose y*d + 27 = w + 3*d, -90 = -m*w - 2*d. What is the units digit of w?
3
Suppose 9*z - 3068 - 11350 = 0. What is the units digit of z?
2
Suppose m + 0 = 3. Let p = 0 + m. Suppose 0 = -p*l - 4*k + 35, 18 = 3*k + 3. What is the units digit of l?
5
Let t(j) = -7*j + 453. What is the tens digit of t(28)?
5
Let v(s) = -12*s - 25. Let z be v(-12). Let j = 214 - z. What is the units digit of j?
5
Let g = -1149 + 2170. What is the thousands digit of g?
1
Let l(s) = 47*s**2 + 4*s + 22. What is the tens digit of l(-3)?
3
What is the units digit of (-2)/(-8) - (-4 - (-1718)/(-8))?
9
What is the tens digit of 235 - (28/6 - 38/57)?
3
Suppose -11*y = -14*y - 9. Let l(p) = -4*p**3 + 3*p**2 + 5*p + 6. What is the tens digit of l(y)?
2
Let t(m) = 3*m**2 + 3*m - 6. Let a be t(-5). Suppose -6 = 3*n - 2*p, -n = 2*n + 4*p + 6. Let z = n + a. What is the tens digit of z?
5
Let u(n) = 1062*n**2 + 5*n - 7. What is the units digit of u(1)?
0
Suppose 0 = -2*k + 4*k - 20. Suppose k = -4*l - j - 6, 3*j = -12. What is the units digit of (-1 + (l - 1))*-1?
5
Let z(r) = 1. Let c(k) = -12*k - 6. Let j(w) = -c(w) - z(w). Suppose 8*s - 4*s - 5*t = 21, -5*s - 4*t + 16 = 0. What is the tens digit of j(s)?
5
Let j(r) = 2*r**2 - 14*r - 24. What is the tens digit of j(34)?
1
Let i = 21 + -11. Suppose 5*c + r + i = 218, -5*c = -r - 202. Suppose -t - 5*b = -55, -3*t - c = b - 150. What is the tens digit of t?
3
Suppose 0 = -3*l - 2*h + 11, -15 + 5 = -4*l - 5*h. What is the tens digit of l/(-15) - 94/(-3)?
3
Suppose 28 = 11*z - 4*z. Suppose k - 85 = -0*v + 3*v, 265 = z*k + 3*v. What is the tens digit of k?
7
Let o(d) = -d - 17. Let l be o(-15). What is the tens digit of (159/l)/(-2*(-6)/(-16))?
0
Suppose 27*k - 14521 = 9644. What is the units digit of k?
5
Let a be (2/(-6))/(1/6). What is the units digit of -28*(3 + -2)*a?
6
Let n be 5/10 + 39/6. Suppose 0 = -5*d + n + 8. Let x = 0 + d. What is the units digit of x?
3
Suppose -3*c + 34 = -3*g - 68, -190 = -5*c - 5*g. What is the tens digit of c?
3
Let w(x) = 8*x**2 - 4. Let r be ((-12)/10)/(27/(-90)). What is the hundreds digit of w(r)?
1
Suppose -374 - 346 = -5*q. What is the units digit of q?
4
Let t = 830 - -1480. Suppose o + t = 6*o. What is the units digit of 2/(-5) - o/(-55)?
8
Let b be 1/(0 - (-4)/16). Suppose -2*t + 413 = -n, 0*t - n + 208 = t. What is the tens digit of b/6*t/6?
2
Let m be 7*5/105*3*4. Suppose -s + g + 4*g = -174, -2*s = m*g - 278. What is the hundreds digit of s?
1
Let j(y) = -y**3 + 3*y**2 + 5*y - 1. Let w be j(4). What is the tens digit of (w + -1)/(4/220)?
1
Let s be 364/4 - (-3)/(-3). Suppose -12*t = -17*t + s. Let u = t - -2. What is the tens digit of u?
2
Let t(a) = -47 - 24 - 18 - 4*a + 24. What is the tens digit of t(-29)?
5
Let w be 4/6*(3 - 0). Let p(u) = u + 2. Let f be p(5). Suppose -f*o + 2*o + w*b + 124 = 0, -2*o + 43 = -3*b. What is the units digit of o?
6
Let s = -955 + 2265. What is the thousands digit of s?
1
Let o(v) = -v**2 - 2*v + 6. Let g be o(-3). Let n = g + 55. What is the tens digit of n?
5
Let s(n) = -n**2 + 14*n - 11. Let o be s(12). Let b = o + 20. What is the units digit of b?
3
Suppose 3*x = 2*c - 4 + 8, 0 = -3*x + 5*c - 8. Suppose 97 = 4*g - 35. Suppose x*z - z - g = 0. What is the units digit of z?
1
Let p(z) = -48*z. Suppose 0 = 5*t + 3*d - 0*d + 26, -5*t - 22 = d. What is the tens digit of p(t)?
9
Let p(q) = 2*q**2 - 6 + 4 + 4*q - q**2. Let k be p(-4). Let b = k + 11. What is the units digit of b?
9
Suppose -o - 4800 = o. What is the tens digit of (3 - (-95)/(-35)) + o/(-28)?
8
Suppose 8*o - 1404 = 4*o. What is the hundreds digit of o?
3
Let y(m) = m**3 - 6*m**2 + 6*m. Let g be y(5). Suppose -2*i = -g*l + 485, -4*i = -2*l + 3*l - 75. What is the tens digit of l?
9
Let y(u) = -5*u**2 - 8*u + 8. Let n be y(6). Let v = n + 316. What is the units digit of v?
6
Let a = 37 - -445. What is the tens digit of a?
8
Let b = 79 - -207. What is the units digit of b?
6
Let h = 1322 + 481. What is the thousands digit of h?
1
Suppose -3*q + 329 = 41. Let g = -65 + q. What is the tens digit of g?
3
What is the tens digit of (2 - -164)*(2 + (-28)/(-8))?
1
Let b(l) = 358*l + 325. What is the thousands digit of b(4)?
1
Let a be 16/(1 - (-3)/(-6)). Let d = a - 17. What is the units digit of 3/d - (-269)/5?
4
L